e -5 - ((-28 - -17) + 13 - -5).
-12
Evaluate (-135 - -122) + -2 + 10 + 17.
12
Calculate -3 - (20 - 2 - 9) - (-1 - -3).
-14
Calculate (-45 - -19 - -26) + (2 - 18) + 8.
-8
Calculate 5 - ((7 - 30) + 35).
-7
6 - (14 - (-5 - (-8 - -8)))
-13
(-16 - -9) + -8 + 3
-12
61 + -73 - (-2 - -5 - 21)
6
Calculate (5 - (3 - -13)) + 8 + 8 + -20.
-15
What is the value of (-3 - 1 - (5 + -12 + 9)) + 5?
-1
Evaluate 2 - (-1 + -2) - (-37 - (-86 + 42)).
-2
What is the value of 14 + -8 + -12 + 10 + -9 - 1?
-6
Evaluate -2 + 4 + -2 - (-1 - 5 - -8).
-2
What is 10 - (3 - ((19 - 8) + -2))?
16
What is 13 + (-12 - -1 - (-2 + -5 + 3))?
6
0 + (-9 - (2 + 0)) + 10 + -5
-6
3 + -30 + 18 + -3
-12
What is the value of 9 - (-8 - (-1 - 3) - -9)?
4
Calculate -2 + -1 + 4 + 14 + 0 + 5.
20
Evaluate (4 - (7 + (2 - -6))) + -11.
-22
Evaluate 2 - 47 - (-30 + 65 - 52).
-28
Evaluate (-3 - -5) + 15 + -25 + -8.
-16
Calculate -16 - ((-12 + 18 - 5) + -15).
-2
(-1 + 2 - 11) + -57 + 51
-16
-29 - (17 - 27) - (-10 + 2)
-11
What is the value of 4 - (-29 - -2 - -52)?
-21
Calculate 1 + -5 - (0 + -14 + 19) - -1.
-8
Evaluate (0 - 0) + 4 - (-7 + 11 + 1).
-1
Evaluate 3 + -9 + (-15 - -20) + -22.
-23
Calculate -13 - ((-1 - -7) + -3 + 4).
-20
What is -1 + (1 - -3 - ((2 - -3) + -3))?
1
What is the value of 17 + (5 - 63) - -27?
-14
What is the value of 208 - 191 - (-1 - -11)?
7
What is the value of -7 - -4 - ((5 - 4) + -2)?
-2
Calculate -15 - (-8 - (3 - 4)).
-8
What is -1 + (-1 - -5) - (-2 + (-8 - -4))?
9
What is 8 + 18 + (-26 - -16) + -25?
-9
-1 + 4 + 4 + (-12 - 2) + 10
3
What is (7 - 0) + (-24 - (-3 + (5 - 11)))?
-8
Evaluate 1 + (2 - 1) - (7 - 9).
4
Calculate 11 + 6 + 2 + -7 + -4.
8
Calculate -4 + 10 + -18 + -4 + 3.
-13
0 + 0 - (-4 - -9 - 2)
-3
1 - (3 + -1) - (72 - 58)
-15
What is -43 - (-51 - -29) - (1 + -3)?
-19
0 + 7 + 29 - 8 - 5
23
Calculate 3 - ((14 - 4) + -14).
7
Evaluate 15 + (15 - ((8 - -34) + -10)).
-2
Calculate 1 + (7 - (-4 - 1 - (-33 + 28))).
8
Evaluate (-1 - (0 - 5) - -5) + -36 + 16.
-11
32 + -44 + (5 - -29)
22
Evaluate 6 + (1 - (4 + -1)) + -168 + 155.
-9
17 + (-3 - (23 - 45))
36
Evaluate -2 + (-25 - -8 - -2) + 34.
17
(-27 - -24) + 2 + -7 + (-2 - -4)
-6
Calculate -21 + 21 + -24 + 21.
-3
What is the value of 12 + (24 - 40) - -11?
7
67 + -69 + -3 + (-3 - 0) + 2
-6
What is the value of -39 + -16 - -38 - (1 - -14)?
-32
0 + 5 - -9 - (27 - 16)
3
Calculate -29 - 8 - ((3 - 8) + -7) - -12.
-13
Calculate 26398 - 26394 - (-1 - -1 - (0 - 0)).
4
Calculate (4 - 9 - 5) + (-2 - -1).
-11
What is the value of 6 + -3 + -26 - (-5 - (-3 + 2))?
-19
What is 6 + 5 + -16 + 8?
3
Calculate -16 - ((1 - -1) + -2 + -5) - 1.
-12
What is the value of -5 - -9 - (-4 - (-2 - 0))?
6
Calculate -1 + 14 - (111 + (-30 - 35)).
-33
6 - (-18 + (34 - -1))
-11
What is the value of (6 - 2) + 1 + -1 + 1?
5
What is the value of -10 + (-15 + 8 + -9 - -26)?
0
What is the value of 0 + -1 - ((-32 - -24) + -14)?
21
What is 5 + -30 - (4 - 34)?
5
Evaluate (7 - 11) + 0 - 2 - -15 - -7.
16
Evaluate -14 - (-6 + (11 - 14)).
-5
What is (-13 - -72 - 32) + -34?
-7
5 - (54 + -49 + (4 - -1))
-5
What is the value of (-18 - -1) + -344 + 372?
11
Calculate (0 + 38 - (-40 - -42)) + -1 + 3.
38
-14 + (-6 + -4 - -2) + -27 + 44
-5
Calculate -4 + -7 + 23 + 10.
22
Evaluate 6 + -2 - (7 + -3 + -14).
14
What is -15 + (31 - 19) + (-2 - 1) + 1?
-5
12 - (8 - (-10 - -6))
0
6 + -10 - -7 - (2 - 0) - 2
-1
Evaluate -5 - (0 - 1 - (-6 + (0 - -4))).
-6
What is the value of (-15 - (88 - 108)) + -22 + (-1 - -2)?
-16
Evaluate (-8 - -16) + -12 - 7.
-11
What is 9 - ((6 - 12 - -3) + 1 + 7)?
4
Evaluate (-1 - 10) + (-73 - -75) + 10.
1
What is 10 + (2 - -6) + -10 + 0?
8
What is the value of (0 + 4 - (38 + -29) - -4) + -4?
-5
What is the value of (-12 - 1 - (-223 + 198)) + -3?
9
What is the value of -6 + (5 - 3 - -13)?
9
What is the value of 36 + -8 - 26 - -20?
22
What is -8 + 2 + -2 + 0 + (-4981 - -4980)?
-9
-1 + -2 - (-11 + 6 - (0 - -1))
3
Calculate 3 - (2 - (-13 - -4)).
-8
Evaluate -17 - ((-5 - 2) + 12 + -13).
-9
What is the value of 5 - (5 - (-1 - -7 - -4)) - -6?
16
What is the value of 1 + 14 - ((39 - 9) + -31)?
16
What is the value of 16 + -8 + (-9 - -13)?
12
-12 - (11 - ((-3 - -46) + -4))
16
What is 4 + 14 + -329 + 316?
5
What is the value of 0 + (11 - 11) + 18 + (1 - 5)?
14
(4 - 1) + 130 + -155 + 10 + 0
-12
What is the value of (-15 - (-21 + -4)) + -22 + 5?
-7
5 + 0 + -4 - (-19 - 10 - -23)
7
Calculate 5 - (7 - (3 + 5)).
6
Evaluate (-1 - -10) + 508 + -525.
-8
What is -12 - (-5 - -2) - -2?
-7
Calculate (-1 - 0) + -46 + 41 + 11 + -2.
3
Calculate (-9 - 7) + 11 - (0 - 7).
2
Evaluate (70 - -11) + -30 - 41.
10
What is -14 + (1 - (6 - 8))?
-11
Calculate -32 - (-35 - -31) - -26.
-2
5 - (-20 - 1) - 13
13
(-11 - (6 + -6)) + (-25 - -43)
7
Evaluate 7 + -5 + (-8 - -6) + (2 - -2).
4
-2 + -1 + (-45 - -41) + (1 - -4)
-2
Calculate 4 + -20 - -11 - (-1 + (0 - -1)).
-5
What is 12 - 18 - (-81 - -70)?
5
Calculate 4 + (-10 - 2) + (-26 - -41).
7
-12 + -15 + 5 + 31
9
Calculate -1 + (20 - 11 - -4).
12
(-2 + 14 - (43 - 45)) + -3
11
What is 0 - (12 + 9 - 37)?
16
What is the value of -8 + 5 + 7 - 6?
-2
-43 + 47 + (-5 - 0 - -9)
8
Calculate -3 - (14 + -12 + -20).
15
What is -9 - (-19 + 10 - 18)?
18
Evaluate -10 - -9 - -1 - 7.
-7
Calculate (-10 - 1 - -4) + (30 - 31).
-8
What is the value of -3 - (0 + -4 + 12 + -10 + 2)?
-3
-14 + (1 - (5 - 8)) + 4 + -3
-9
What is 3 + (-14 - 5) - (33 + -37)?
-12
Calculate 27 + (23 - 69 - -54).
35
Evaluate 30 - (47 - (-8 + 37)).
12
What is the value of -38 + 51 + -4 + -9 + (4 - 6)?
-2
What is (7 - -2) + (2 - 1 - 5)?
5
What is the value of 43 - 37 - (1 + -4 + 11)?
-2
Calculate -12 + -7 + 0 - -14.
-5
Evaluate -6 + (0 - 0) + 3 - (-14 - -10).
1
(0 - -9) + (-30 - (2 + -13))
-10
Evaluate (-3 - 6) + (4 + 16 - 21) - -28.
18
What is 34 + -44 + 6 + -2 + 1 + -1?
-6
What is -56 - (32 - (65 + -1))?
-24
Calculate -1 - -1 - (18 + 15 - 30).
-3
Calculate (6 - 15) + 5 + -3 + (1 - 12).
-18
What is -5 - (-34 + 6 + 4 + 6)?
13
18 - (-3 + -2 + (4 - (-8 - -10)))
21
What is the value of 26 + -35 + 0 + 8?
-1
18 + 22 + (-1 - 1) - (-74 - -85)
27
What is the value of (-13 - -6) + 2 - (2 - (5 - 3))?
-5
12 + -10 + -9 + 11 - 0
4
What is the value of (-5 + 4 - 4) + 24 + -1?
18
Calculate (-10 - -2) + (-12 - -12 - -10) + -9.
-7
Calculate -312 - -307 - (0 - 6).
1
33 + -50 + 5 + 0 + -6
-18
-16 + (-8 - (0 - 14))
-10
(3 - 2) + 1 - (23 + (-35 - -1))
13
Calculate -2 + 0 + -7 + -33 - -12.
-30
What is -10 + (97 - 84 - (0 + -1))?
4
What is -7 + 7 + -6 + -9 + -1?
-16
Evaluate 21 + -6 + -17 + (-6 - -1).
-7
Evaluate (0 - 2) + -76 + 43 + -2 + 20.
-17
What is (13 - -1) + 1 - (22 + (-32 - -12))?
13
Calculate (3 - 1) + -1 + (34 - 29).
6
Evaluate -21 - -41 - (20 + 1).
-1
Evaluate (7 - (19 - 10)) + -6 + 9.
1
Calculate 13 + -31 - (0 - 27).
9
Evaluate -4 - 20 - -20 - 16.
-20
Calculate 0 + (0 - -5 - 10) + 13.
8
-9 + (-17 + (-5 - -16) - -29)
14
What is the value of -9 - (7 + (2 - 7) - (8 + 1))?
-2
Evaluate 66 + -25 + 3 + -44.
0
What is the value of -28 - -11 - (-15 + -4) - (9 + 2)?
-9
2 - 0 - (0 + 8 - (35 + -18))
11
(-115 - -77 - -41) + -1 + 1 + 12
15
What is 2 + -18 - ((2 - 11) + 0) - -7?
0
What is (-3 - 6 - (4 - 7)) + 11 - 0?
5
-6 + (8 - 12) + 8 + (-1 - 4)
-7
What is the value of 8 + -12 - (20 + -2)?
-22
Evaluate 6 - (0 - (-5 - -7 - 7 - -4)).
5
12 - -1 - (3403 - 3351)
-39
Calculate -25 - (-24 - (-13 - 3)).
-17
Calculate 32 + -35 + (-1 - -2) + 10 + 0.
8
What is (-8 + 11 + 2 - 2) + -21?
-18
What is the value of -18 - 7 - (243 + -274)?
6
Evaluate -14 + 9 + (-22 - -14).
-13
(-9 - 17 - -4) + 3
-19
What is (-7 - -7) + -1 - 2?
-3
Evaluate -19 + (2 - (-21 - -8)).
-4
What is 64 + -90 + 3 + -2 - -1?
-24
Evaluate -13 + 3 + 5 - -7.
2
Evaluate 6 + (-14 - -16 - -1).
9
Calculate 3 + -7 - -31 - (-38 + 49).
16
-5 + (-5 - -11) - 11
-10
What is 15 + 1 + (-5 - -12)?
23
10 + -1 - (-151 + 166)
-6
What is the value of -1 + -5 - (36 - 32)?
-10
What is 15 - ((1 - (-5 + (-3 - -4))) + -2)?
12
Calculate 14 - (7 - (16 - -1)).
24
What is -111 - -115 - (1 + -23 + 4 - -3)?
19
What is the value of 1 + -6 + (-12 - 5 - (22 - 32))?
-12
Calculate -3 + -2 - (44 - 35).
-14
(-18 - 0) + -2 + 35
15
What is the value of 8 - (-1 - ((24 - 8) + -9))?
16
Evaluate -1 - (-3 + 4) - 3 - -9.
4
Evaluate (-190 - -212) + (-1 - 9).
12
7 - (-11 + 17 - (-2 - 1))
-2
Calculate (7 + -9 + 7 - -2) + -1 + 